 30 = -a*z + 3*z, x = -4. List the prime factors of s(z).
2
Let w(s) = -2*s**2 - 8*s + 83. List the prime factors of w(0).
83
Let b(l) = -56*l. Suppose 0 = -4*q - 2*w - w, -20 = 4*q - 2*w. List the prime factors of b(q).
2, 3, 7
List the prime factors of (8 - 9)*(-297 - 1).
2, 149
Suppose 4*s - 5*q + 10*q = 16084, 0 = 5*s - 5*q - 20060. What are the prime factors of s?
2, 251
Let q(b) = -2*b**2 - 2*b + 4. Let o = 1 - -3. Let v be q(o). Let z = -23 - v. What are the prime factors of z?
13
Suppose l + 4*l - 120 = 5*h, -3*l + 64 = -h. Suppose -3*p + 24 = -2*p - 4*t, 0 = 5*t - l. List the prime factors of p.
2, 5
Let w(q) = -q**2 - 10*q + 7. Let s be w(-5). Suppose 0 = 8*p - 4*p - s. Let u = 28 - p. What are the prime factors of u?
2, 5
Let j be ((-20)/(-16))/(3/12). Suppose -j*l + 195 = -4*q, -2*l - 2*q = -153 + 57. Suppose -l - 47 = -3*o. What are the prime factors of o?
2, 3, 5
Let y = -8 - -18. Let s = y + 22. Let b = s - 17. List the prime factors of b.
3, 5
Suppose 0 = -2*i + 2*y + 1248, 3*y + 3413 = 5*i + 291. What are the prime factors of i?
5
Let b(n) = n**2 + 3*n - 4. Let q be b(-4). Suppose 4*c - 74 - 54 = q. List the prime factors of c/(-144) + (-400)/(-18).
2, 11
Suppose 2*t = 4*g - 42, 6*t - g + 56 = 2*t. Let z = t + 14. What are the prime factors of 4 + 5 - (1 - z)?
3
Suppose 283 = c + o, -2*c + 668 = -o + 93. Let s = c + -130. What are the prime factors of s?
2, 3, 13
Let v(n) = n - 6. Let i(k) = k - 7. Let g(u) = -5*i(u) + 6*v(u). Let l(f) = 3*f**2 - 3*f - 1. Let h(b) = 2*g(b) + l(b). List the prime factors of h(3).
3, 7
List the prime factors of 32 + (7 - 4) + -2.
3, 11
Let u(w) be the second derivative of 2*w**4/3 + 2*w**3/3 + 2*w**2 - 6*w. Let k be u(-6). Suppose -h - 3*h = -k. List the prime factors of h.
67
Let l be (5/(-3))/(((-24)/(-3))/(-24)). Suppose 0*p = -3*t + 2*p + 813, -l*p - 1084 = -4*t. List the prime factors of t.
271
Let h(x) = -72*x + 298. List the prime factors of h(-32).
2, 1301
Suppose 2*i - 5*r = 49, -3*r + 57 = 2*i - 0*r. Suppose i = -3*b + 12. Let t = b - -28. List the prime factors of t.
23
Suppose 5*q + 669 = 2*b, -q + 1349 = b + 3*b. What are the prime factors of b?
337
Let i(p) = p**3 - 10*p**2 + 10*p - 5. Let b be i(9). Suppose 5*k + b*z - 59 = 0, -6*k + 17 = -4*k - 5*z. List the prime factors of k.
11
What are the prime factors of (-323160)/(-450) + 2/(-15)?
2, 359
Let y(z) = -4*z + 10. Let o be y(5). Let s be (8/5)/((-4)/o). Suppose -s*x + 9*x = 270. List the prime factors of x.
2, 3
Let q(v) = 2*v**3 - 2*v**2 - 2*v - 2. Let w be q(2). List the prime factors of (w + -1)/(2/226).
113
Let q(j) = j**2 - 4*j - 10. Let t = 18 - 10. Let a be (-4 + t)/((-1)/(-2)). What are the prime factors of q(a)?
2, 11
Let c = 1231 + -536. List the prime factors of c.
5, 139
What are the prime factors of (148/185)/((-4)/(-2710))?
2, 271
What are the prime factors of (3741*4)/12 - 11?
2, 3, 103
Let h(c) be the second derivative of -1/3*c**3 + 7/12*c**4 - 1/20*c**5 + 0*c**2 - c + 0. List the prime factors of h(6).
2, 3
Let z = -50 + 47. List the prime factors of (z/(-6))/(1/218).
109
Let t = -263 + 164. Let p = t + 271. List the prime factors of p.
2, 43
Let c = 4 - 0. Let n(p) = -p**3 + 4*p**2 + p - 1. Let v be n(c). Suppose 0 = m - v - 11. List the prime factors of m.
2, 7
Let q = 21 + -10. Let g = 187 + -171. Let f = g + q. List the prime factors of f.
3
Let p = -119 - -228. What are the prime factors of p?
109
Let f(d) = 81*d**2 - 55*d - 401. List the prime factors of f(-8).
3, 1741
Let h(i) = -8*i + 2. Let o be h(-4). Suppose -2*j + 320 = 3*g, g - 114 = -5*j + 712. Suppose j = 4*q + o. List the prime factors of q.
3, 11
Suppose 8 = -5*h + 9*h, -2*h + 19000 = 4*l. List the prime factors of l.
3, 1583
Let t = -1979 - -3682. List the prime factors of t.
13, 131
Let s(c) = 8*c. Let o be s(1). Let y(r) be the second derivative of r**5/20 - 2*r**4/3 + 2*r**3/3 + 4*r**2 + 5*r. List the prime factors of y(o).
2, 5
Suppose -g = 3*g + 60. List the prime factors of (-4)/(-10) + 8*(-108)/g.
2, 29
List the prime factors of (-4 + -3 + 13/2)*-766.
383
Suppose h = 6*h + d - 42, d = 4*h - 39. Suppose -4*u - 790 = -h*u. Suppose 0 = -5*v + 2*t + 206, 4*v - 6*t = -t + u. What are the prime factors of v?
2, 3, 7
Let u(p) = -16*p**3 + 10*p**2 - 10*p - 12. List the prime factors of u(-6).
2, 3, 7, 23
Let b be (-14)/77 + 2151/33. Let j = -36 + b. What are the prime factors of j?
29
Suppose -u = 3*c - 2078, u = 2*c + 3*c + 2094. What are the prime factors of u?
2, 521
Let y(q) = -27*q - 3. Let z be y(-2). Let r = 89 + -102. Let g = r + z. What are the prime factors of g?
2, 19
Let f(r) = -28*r + 9. Let i be f(-10). Let z = -194 + i. What are the prime factors of z?
5, 19
Let v be (0*3/(-12))/(-3) + -1. Let w(h) = -70*h**3 - 2*h**2 - h. What are the prime factors of w(v)?
3, 23
Let m = 33 - -23. Let d be 10*(-4)/8 + 2. Let i = m + d. List the prime factors of i.
53
Suppose -5*h = 4*q - 0*h - 80, 5*h + 100 = 5*q. Suppose -2*a + z - 4 = q, 5*z - 70 = 5*a. Let i = 78 + a. List the prime factors of i.
2, 17
Let g(r) = -4 + 31*r + 53*r + 17*r - 2. List the prime factors of g(1).
5, 19
Let n(v) = v**2 - 27 + 10 + 4*v + 18. Let o(y) = -y**3 - 4*y**2 + 5*y - 5. Let c be o(-5). What are the prime factors of n(c)?
2, 3
Suppose -3*j - 2 + 21 = 5*c, 3*c + 3*j - 15 = 0. Suppose -2*m + 2*w + 206 = 0, 2*m - 420 = -c*m + 2*w. What are the prime factors of m?
107
Suppose q + 5 = 0, 0*a + 700 = 5*a - 5*q. Let n be 16/(-3)*a/36. List the prime factors of (4/(-10))/(1/n).
2
Let v = 40 + -40. Suppose -u = 1, 4*g + v*u - 366 = -2*u. List the prime factors of g.
2, 23
List the prime factors of -3*76*(-14)/7.
2, 3, 19
List the prime factors of ((-66)/36)/((-8)/6288).
11, 131
Suppose 2*o + 2*o = -4. Suppose -2*p = 15 + 7. List the prime factors of (-1 - -2)*p/o.
11
Let h(m) = m**2 + 11*m + 4. Let v be h(-11). What are the prime factors of (44/(-4))/(v/(-8))?
2, 11
Suppose -4*m = -2*m. Suppose m = 3*n - 7*n + 36. What are the prime factors of (n/4)/(12/32)?
2, 3
Let n(b) = 2*b + 9*b - 14*b - 7 + 5*b. Let z(d) = -d**3 + 6*d**2 + d + 6. Let k be z(6). List the prime factors of n(k).
17
Suppose 6*y - 2*y + 255 = 3*c, 3*c = 5*y + 315. Let a be ((-4)/(-5))/((-6)/y). Suppose 4*g + 24 = a*g. What are the prime factors of g?
2, 3
List the prime factors of (18704/21)/(-8)*-3.
2, 167
Let y = 2542 + -988. List the prime factors of y.
2, 3, 7, 37
Suppose 26*s + 3*s = 43036. What are the prime factors of s?
2, 7, 53
Suppose 22 = -2*s + 2*k, 9 = -2*s - 2*k - 25. Let i(z) = -z**2 - 15*z - 2. List the prime factors of i(s).
2, 3
Let g(h) = -h**3 + 4*h**2 + 5*h + 6. Let k be g(5). What are the prime factors of (31 - 6) + k/(-2)?
2, 11
Let a be (-4)/(-5)*15/6. Let l = -3 - -5. Suppose 3*d + f = -3*f + 67, l*f = a. List the prime factors of d.
3, 7
What are the prime factors of 1309 - (-5 - 0) - 4?
2, 5, 131
Let l(d) = d**3 - 13*d**2 + 8*d - 11. Let u be l(12). Let y = -19 - u. What are the prime factors of y?
2, 5
Let j(g) = g**3 + 5*g**2 + 5*g + 2. Let z be j(-3). Suppose -5*r + 4*u = -0*r - 348, -r - z*u = -87. List the prime factors of r.
2, 3
Let b(x) = -x**2 - x + 9. Let o be b(-4). Let m be o/12 + (-324)/(-16). Suppose -m*q = -17*q - 54. What are the prime factors of q?
2, 3
Let g(a) = -a**3 - 39*a**2 + 17*a - 2. List the prime factors of g(-40).
2, 3, 17
Let t be (-4)/6 + (-2 - 192/(-18)). Suppose t*f - 865 - 1375 = 0. What are the prime factors of f?
2, 5, 7
Let f(a) = 3*a + 12. Let p(b) be the first derivative of -b**2/2 - b - 1. Let c(z) = f(z) + 5*p(z). What are the prime factors of c(-6)?
19
Let j = 15 + -10. Suppose 3*h - u - j - 4 = 0, 3*u = -9. Suppose -n = h*n - 129. What are the prime factors of n?
43
Let x be 57/(-95) + 23/10*2. Suppose -5*l - 3*m + 60 = -4*m, 5*l - 60 = -x*m. List the prime factors of l.
2, 3
Let h(j) = 33*j**2 - 33*j + 64. List the prime factors of h(14).
2, 5, 607
Let z(i) = -49*i - 35. What are the prime factors of z(-9)?
2, 7, 29
Suppose i = -0 + 2, -5*c = 5*i - 570. Suppose 4*d - d = -u + c, -5*u - 4*d = -593. List the prime factors of u.
11
Let b = -10 + 12. Let l(d) = 2*d**3 + 3*d**2 - d - 2. List the prime factors of l(b).
2, 3
Let f be -1*(5 - (3 - 2)). Let g be (-252)/(-14) + (4 - 0). Let s = f + g. What are the prime factors of s?
2, 